4 - 0?
222332524
In base 5, what is -441430040 - 133?
-441430223
In base 13, what is -12551450 + 0?
-12551450
In base 8, what is -4527570 - 65?
-4527655
In base 7, what is -323116505 - 4?
-323116512
In base 9, what is 274107361 + 0?
274107361
In base 10, what is 84176 - 426?
83750
In base 15, what is 144b - 2d6?
1165
In base 6, what is -124 + 4202305?
4202141
In base 15, what is 2 + -1250508?
-1250506
In base 4, what is 11 + 303210131133?
303210131210
In base 10, what is -8015102 + 4?
-8015098
In base 14, what is -1162a7335 + 2?
-1162a7333
In base 15, what is -ab7595 - -81?
-ab7514
In base 9, what is 12 - 365386?
-365374
In base 15, what is 5836 - -4349?
9b80
In base 3, what is 1220210 - -2111000101?
2112221011
In base 10, what is 863425 - 147?
863278
In base 15, what is 1328 - -261?
1589
In base 5, what is -12 + -1320234401?
-1320234413
In base 9, what is 11268825 - 64?
11268751
In base 13, what is 9 - -1b40633?
1b4063c
In base 15, what is 4 - 6c930e?
-6c930a
In base 5, what is -1 - -1320230221?
1320230220
In base 12, what is 22417 + 4a9?
22904
In base 12, what is 7161b74 + 3?
7161b77
In base 4, what is 12023010 - -101010?
12130020
In base 2, what is -101010000001 - -10110101100110?
10001011100101
In base 14, what is -1a940 - -869?
-1a0b5
In base 14, what is -2 + -cd5a93?
-cd5a95
In base 14, what is -6ab8522 - -5?
-6ab851b
In base 7, what is -513012 - -300?
-512412
In base 2, what is 110101011100001001110111 - 10?
110101011100001001110101
In base 5, what is 20 + -12011110400?
-12011110330
In base 14, what is 1963000 - 5?
1962dd9
In base 15, what is 59 - -a968d7?
a96941
In base 2, what is 10100010110011111110 + 0?
10100010110011111110
In base 11, what is 3 - -18706784?
18706787
In base 11, what is 5084 + 983?
5a57
In base 6, what is -252442 + 31240?
-221202
In base 7, what is -4143330542 - 1?
-4143330543
In base 10, what is -7923 - -63?
-7860
In base 12, what is 2582 + -2b4?
228a
In base 15, what is 4 + 62bb1?
62bb5
In base 2, what is 11010001 + -111001101010101010111?
-111001101010010000110
In base 6, what is -2150 + 422305?
420115
In base 8, what is -7 - -5002200?
5002171
In base 4, what is -102323013 - -11021?
-102311332
In base 15, what is -8a3e04 + -1?
-8a3e05
In base 10, what is 24 + 45785881?
45785905
In base 3, what is 21 + -22022002020110?
-22022002020012
In base 8, what is 11 + 136530?
136541
In base 5, what is 1303230423 - 4034?
1303221334
In base 10, what is 1394510 - -1?
1394511
In base 5, what is -1240304442 - -2?
-1240304440
In base 6, what is -25343 - -1351232?
1321445
In base 8, what is 7114361 - 1?
7114360
In base 4, what is -2010312 - 101201?
-2112113
In base 15, what is -a48e15ab - 0?
-a48e15ab
In base 7, what is 265 - -42?
340
In base 2, what is -1101000110011 - -101000110?
-1100011101101
In base 16, what is b7 - 357b?
-34c4
In base 16, what is 2 - 406e553?
-406e551
In base 14, what is b4b + -3c477?
-3b72a
In base 4, what is 11123 - -13202133?
13213322
In base 10, what is -64309 - -3214?
-61095
In base 14, what is 356b8 + -1829?
33c8d
In base 8, what is 24 + -4615735?
-4615711
In base 13, what is 61a579b + 5?
61a57a3
In base 13, what is b178 - 1252?
9c26
In base 9, what is 5453 - -7083?
13546
In base 10, what is 302 + 6231?
6533
In base 5, what is 201230 - 2123?
144102
In base 8, what is -16175 + 3104?
-13071
In base 9, what is -616774 - 216?
-617101
In base 10, what is 6009607 - -2?
6009609
In base 3, what is 11201120022 - 11210?
11201101112
In base 9, what is -4462 - -84528?
80056
In base 6, what is -21144 - -423?
-20321
In base 16, what is -4b674b7 + 5?
-4b674b2
In base 4, what is -1110033011233 - -1?
-1110033011232
In base 8, what is -122 + -125?
-247
In base 3, what is -100121000 + 21011212220?
20211021220
In base 14, what is -5 + 4662b8?
4662b3
In base 10, what is 164270 - 4491?
159779
In base 10, what is -132528 - -18?
-132510
In base 15, what is 569172 - c4?
56909d
In base 11, what is 5 + 921788a?
9217894
In base 12, what is -7 - -200b648?
200b641
In base 6, what is -212203 + 243?
-211520
In base 10, what is -49926781 - 0?
-49926781
In base 13, what is -45ca - -2a2?
-4328
In base 9, what is 140431256 + -1?
140431255
In base 11, what is -2a6a - 1a48?
-4a07
In base 5, what is -402322 - 324431?
-1232303
In base 13, what is -2 - 134aa96?
-134aa98
In base 13, what is 2079 - 2581?
-505
In base 16, what is -22 - -c61b0?
c618e
In base 10, what is -469 - 350642?
-351111
In base 2, what is 11000011011100110000010001011 + 101?
11000011011100110000010010000
In base 10, what is 700 + -159704?
-159004
In base 14, what is c0a0 + -35a1?
88dd
In base 12, what is -4 + -13840222?
-13840226
In base 10, what is -596 + -3419?
-4015
In base 16, what is 9ef76f - 2?
9ef76d
In base 16, what is 196 + -df9a?
-de04
In base 2, what is 101010100111 - -100111011010?
1010010000001
In base 3, what is 10 - -12112221120001?
12112221120011
In base 6, what is 0 + 1051051240?
1051051240
In base 16, what is -19 + -3ae4d?
-3ae66
In base 9, what is 302 - -252704?
253106
In base 4, what is 102231022320 - -11?
102231022331
In base 7, what is 1455 + -40626?
-36141
In base 7, what is 20 - 40254435?
-40254415
In base 2, what is -10110000011100111 + -10100001?
-10110000110001000
In base 12, what is -15a8 + -53260?
-54848
In base 3, what is 200 + -1012220010102212?
-1012220010102012
In base 10, what is -27566056 - -1?
-27566055
In base 4, what is 1230012 - -201030?
2031102
In base 10, what is -11 - 225600?
-225611
In base 6, what is 132524052 - 0?
132524052
In base 2, what is -1001010100101101101111110010 - 10?
-1001010100101101101111110100
In base 12, what is -3241681 - -2?
-324167b
In base 3, what is 122220 - -11221111122?
11222011112
In base 5, what is -4224044113 - -2?
-4224044111
In base 9, what is 47387707 + 0?
47387707
In base 3, what is 11200011 + -220001121?
-201101110
In base 4, what is -100130 + -100102?
-200232
In base 7, what is -153 - 146114?
-146300
In base 16, what is 522 + -4ea3?
-4981
In base 11, what is 32a8 + -3a8a?
-792
In base 5, what is -304141324 - -403?
-304140421
In base 15, what is 1b15d6b - -17?
1b15d83
In base 14, what is 4268 + -a001?
-5b77
In base 10, what is -1795031 - -72?
-1794959
In base 16, what is -1a7a + -31aa?
-4c24
In base 6, what is -1241543402 + 1?
-1241543401
In base 10, what is -42539084 - 2?
-42539086
In base 4, what is -201 - 301322013?
-301322220
In base 12, what is -99a17a + -4?
-99a182
In base 2, what is 1001110011101111 + -1000111?
1001110010101000
In base 11, what is -a + -12079a9?
-1207a08
In base 10, what is -214435 - 1183?
-215618
In base 12, what is 3 + 5029437?
502943a
In base 12, what is 76a - -45262?
45a10
In base 11, what is 34320 - -380?
346a0
In base 2, what is 110011111100001100111 - -110111?
110011111100010011110
In base 16, what is -4603a + -132?
-4616c
In base 15, what is 212d3 - 2b6?
2101c
In base 5, what is 110 - 13114011?
-13113401
In base 12, what is -24 - 41a71?
-41a95
In base 2, what is -10100001000100 + 1011101000001?
-1000100000011
In base 2, what is 11000101010111010110111100 + 11?
11000101010111010110111111
In base 8, what is 1273 + 11467?
12762
In base 4, what is -2220310 + -22021?
-2302331
In base 16, what is 3 - 43ec0a?
-43ec07
In base 5, what is 23343 + 13040402?
13114300
In base 14, what is -93b727 - -16?
-93b711
In base 16, what is 829fb + -6c3?
82338
In base 4, what is -11 - 21122122022200?
-21122122022211
In base 8, what is 2762713 - -1223?
2764136
In base 16, what is 36770 - d1?
3669f
In base 2, what is -11110100101110010000110 + -1?
-11110100101110010000111
In base 4, what is -23022 - 20310122?
-20333210
In base 5, what is 2112003 - 10201?
2101302
In base 12, what is -45143b - -119?
-451322
In base 15, what is -2d13 - 1cbb?
-4ace
In base 15, what is 2bee8 + -591?
2b957
In base 16, what is -a + 141d75c?
141d752
In base 7, what is -1251 + 12116?
10535
In base 10, what is 375 - 1215526?
-1215151
In base 8, what is -5033 + 21620?
14565
In base 6, what is 110 + -21355343?
-21355233
In base 8, what is 2364 - 357013?
-354427
In base 13, what is -222a5b - 43?
-222aa1
In base 15, what is -22d8 - 11463?
-1374b
In base 9, what is -15 + 32758732?
32758716
In base 10, what is 4 + 502439?
502443
In base 3, what is -200001 - 22202?
-222210
In base 13, what is 36b402 + -156?
36b279
In base 